 factor of 161044 and 152?
76
What is the greatest common divisor of 365857 and 136?
17
What is the greatest common factor of 693 and 18783?
9
What is the highest common divisor of 4332 and 6108?
12
What is the greatest common factor of 6 and 219378?
6
What is the highest common divisor of 216 and 453696?
24
What is the highest common divisor of 219 and 1167051?
219
Calculate the greatest common divisor of 32 and 49064.
8
Calculate the greatest common factor of 1430312 and 272.
136
Calculate the greatest common divisor of 99 and 5067.
9
Calculate the highest common factor of 1908 and 371.
53
What is the greatest common divisor of 6166 and 526?
2
Calculate the greatest common divisor of 208 and 1378.
26
What is the highest common divisor of 1053 and 155571?
39
What is the greatest common factor of 260729 and 19992?
833
What is the greatest common factor of 14479305 and 345?
345
Calculate the highest common factor of 21577370 and 10.
10
Calculate the greatest common factor of 15351 and 126420.
903
Calculate the greatest common divisor of 48 and 47928.
24
Calculate the greatest common factor of 2205 and 29745.
45
Calculate the highest common factor of 776299 and 398.
199
What is the greatest common divisor of 38 and 137294?
38
Calculate the highest common divisor of 19 and 43567.
19
What is the greatest common divisor of 708 and 2616?
12
What is the greatest common divisor of 9165 and 2925?
195
Calculate the highest common factor of 28281 and 3399.
33
What is the greatest common divisor of 95802 and 12?
6
What is the greatest common divisor of 51 and 1206371?
17
What is the greatest common divisor of 801 and 248043?
267
Calculate the greatest common divisor of 796176 and 24.
24
Calculate the highest common factor of 340 and 214540.
340
Calculate the highest common factor of 102978 and 432.
54
What is the greatest common divisor of 87 and 38019?
87
Calculate the greatest common divisor of 60 and 16000.
20
What is the highest common divisor of 836 and 220913?
209
Calculate the greatest common divisor of 1178 and 275063.
589
Calculate the highest common divisor of 651020 and 10.
10
What is the highest common factor of 612 and 11394?
18
Calculate the greatest common divisor of 85544 and 296.
296
What is the greatest common factor of 1715455 and 140?
35
Calculate the highest common factor of 101283 and 13.
13
What is the greatest common divisor of 856 and 5559292?
428
Calculate the highest common factor of 3174 and 50094.
138
Calculate the greatest common factor of 513 and 3868362.
171
Calculate the greatest common divisor of 54594 and 6.
6
Calculate the greatest common divisor of 46 and 2967598.
46
What is the greatest common divisor of 8176 and 5929644?
2044
Calculate the greatest common divisor of 12445 and 1703.
131
Calculate the highest common divisor of 29704 and 79.
79
Calculate the highest common divisor of 533524 and 332.
332
What is the highest common factor of 145660 and 60?
20
What is the highest common factor of 1390 and 9501345?
695
What is the highest common divisor of 44 and 36440?
4
Calculate the highest common factor of 1426 and 76291.
713
What is the greatest common divisor of 869874 and 3?
3
What is the highest common factor of 156 and 800228?
52
What is the highest common divisor of 57112 and 3776?
472
Calculate the highest common factor of 1334445 and 355.
355
Calculate the greatest common factor of 27535 and 25.
5
What is the highest common factor of 1112 and 367794?
278
Calculate the highest common factor of 147 and 18123.
21
What is the greatest common factor of 14828 and 484?
44
Calculate the greatest common factor of 90754 and 2.
2
What is the greatest common divisor of 28 and 10942?
2
Calculate the greatest common factor of 15050 and 14525.
175
What is the highest common divisor of 172 and 101566?
86
What is the greatest common divisor of 2877264 and 928?
464
What is the greatest common divisor of 126 and 17073?
63
What is the highest common factor of 166023 and 129?
129
Calculate the highest common divisor of 25524 and 1800.
36
Calculate the greatest common factor of 43797 and 2613.
39
What is the highest common divisor of 36324 and 225?
9
What is the greatest common divisor of 363 and 20427?
33
What is the greatest common divisor of 415784 and 8?
8
Calculate the highest common divisor of 6735 and 855.
15
What is the highest common factor of 128 and 2041376?
32
What is the highest common divisor of 992 and 5856?
32
Calculate the greatest common factor of 73894 and 2.
2
Calculate the greatest common factor of 183 and 189710.
61
What is the highest common factor of 2970 and 1242?
54
Calculate the highest common factor of 101239 and 8758.
29
What is the highest common factor of 2997 and 14472?
27
Calculate the greatest common divisor of 35 and 1105405.
35
Calculate the highest common divisor of 33 and 29307.
3
Calculate the highest common divisor of 1395 and 3912.
3
Calculate the greatest common divisor of 253220 and 1760.
220
Calculate the greatest common divisor of 2204 and 2356.
76
What is the highest common divisor of 212 and 156456?
212
Calculate the greatest common divisor of 143 and 139386.
13
What is the highest common factor of 168085 and 305?
5
Calculate the greatest common divisor of 29892 and 187436.
188
What is the highest common divisor of 57070 and 260?
130
Calculate the greatest common divisor of 76 and 199006.
38
What is the highest common factor of 328539 and 582?
291
What is the highest common factor of 6409 and 2125?
17
Calculate the greatest common factor of 36 and 54552.
12
What is the greatest common factor of 634919 and 227?
227
What is the highest common divisor of 34392 and 288?
24
Calculate the greatest common factor of 352 and 250448.
176
What is the highest common factor of 11840 and 13912?
296
Calculate the highest common factor of 336 and 35196.
84
Calculate the greatest common divisor of 11188 and 4.
4
What is the highest common divisor of 5272 and 2679494?
1318
Calculate the greatest common divisor of 37054 and 136756.
382
Calculate the greatest common factor of 195472 and 76.
76
Calculate the highest common factor of 3442349 and 179.
179
Calculate the highest common divisor of 55 and 165484.
11
Calculate the greatest common divisor of 7240 and 360.
40
What is the highest common divisor of 7568 and 336?
16
Calculate the greatest common factor of 256534 and 116.
58
What is the highest common divisor of 3835 and 18880?
295
What is the greatest common factor of 29862 and 210?
42
Calculate the greatest common factor of 17352 and 369.
9
What is the greatest common factor of 24 and 387384?
24
What is the highest common divisor of 12 and 2105916?
12
What is the highest common divisor of 138 and 563109?
69
Calculate the greatest common factor of 197656 and 1612.
124
What is the highest common divisor of 2365 and 8690?
55
What is the greatest common factor of 67518 and 44082?
558
What is the highest common divisor of 336 and 1081080?
168
Calculate the greatest common divisor of 35 and 403830.
35
Calculate the greatest common divisor of 4928 and 70.
14
Calculate the greatest common divisor of 76440 and 110565.
1365
What is the greatest common factor of 234 and 2628?
18
Calculate the highest common divisor of 26430 and 60.
30
What is the highest common divisor of 54392 and 136?
8
What is the greatest common divisor of 91 and 99827?
91
Calculate the greatest common factor of 225 and 12105.
45
What is the greatest common divisor of 670 and 70?
10
What is the greatest common factor of 2594070 and 10?
10
What is the highest common divisor of 9097 and 26464?
827
What is the highest common factor of 34818 and 7266?
42
Calculate the greatest common divisor of 42211 and 221.
221
Calculate the greatest common factor of 52 and 28544.
4
What is the highest common factor of 22 and 32373?
11
Calculate the highest common factor of 198 and 371712.
66
What is the highest common divisor of 315983 and 217?
31
Calculate the highest common divisor of 7353 and 144738.
387
What is the greatest common divisor of 1770 and 14470?
10
What is the highest common divisor of 5805 and 2700?
135
What is the highest common factor of 6688 and 19456?
608
What is the highest common factor of 212118 and 2?
2
What is the greatest common